r = -21 - n. What is the tens digit of r?
2
Let w(x) = 3*x - 10. Let j be w(4). Suppose -5*s + j*s = -12. Suppose 0*n - 92 = -s*n. What is the units digit of n?
3
Let d be 0/((-4)/2) - -8. Suppose 14*p + 40 = 12. What is the units digit of d + -5 - (p - -1)?
4
Let m(u) = -2*u + 35. Let i be 0/((-6)/3 + -1). Let l be -1*(-1)/(-4)*i. What is the tens digit of m(l)?
3
Let j = 4403 - 3097. What is the hundreds digit of j?
3
Let s(z) = z**2 + z + 6. Let d = -32 + 34. Suppose -d*j - 9 = -3. What is the tens digit of s(j)?
1
Suppose -3*n = -m - 3613, 5*n - m - 4818 = n. What is the thousands digit of n?
1
Let u(x) = 26*x**2 - x - 2. Let j(l) = 5*l - 2. Let i be j(1). Suppose -i*c = -4*d + d - 9, -4*d - 10 = -3*c. What is the units digit of u(d)?
5
Let p be (-42)/35*20*-2. Suppose l + 3*l = 5*o - 2, -4*l + 18 = 5*o. Suppose 0 = -4*d + o*d + p. What is the units digit of d?
4
Suppose 5*x + 5*w = 385, -w + 158 = x + x. What is the hundreds digit of (2 - x/(-4))*96/6?
3
Suppose -12*l - 588 = -2916. What is the units digit of l?
4
Let p(b) = 7*b + 6. Let d be p(4). Let k = -23 + d. What is the tens digit of k?
1
Let j = 3 + 0. Suppose -5*u = 2*k - 47, 3*u = -j*k + 4*u + 79. What is the units digit of (4 + -1)/(6/k)?
3
Suppose -2*o = 3*o + 2*s - 6727, 0 = o + 2*s - 1347. What is the units digit of o?
5
Let b = 19 + -20. Let c = 36 - b. Let s = 52 - c. What is the tens digit of s?
1
Let o = 200 + -104. Suppose -48 - o = -6*d. What is the tens digit of d?
2
Suppose -118*y = -109*y - 49059. What is the units digit of y?
1
Suppose -4 = -2*r, 2*r + 3804 = 4*l - 4092. What is the thousands digit of l?
1
Let d = -42 + 197. Suppose -i - 62 = -3*t + 39, -5*t + d = 5*i. What is the units digit of t?
3
Let l(r) = 5*r**3 + 3*r - 3. Let s(z) = 6*z**3 + z**2 + 4*z - 4. Let a(y) = 7*l(y) - 6*s(y). Let v be a(-5). Let j = 3 - v. What is the tens digit of j?
1
Suppose -2*f + 113*b + 6757 = 118*b, -5*b + 15 = 0. What is the thousands digit of f?
3
Let z(l) = -l + 5. Let q be z(9). What is the tens digit of (-1030)/(-30) - q/6?
3
Let h be (0 - 2)*3/6. Let i(o) be the second derivative of -31*o**5/20 - o**2/2 + 32*o - 1. What is the units digit of i(h)?
0
Suppose 3 = 2*x - 5. Suppose v + x*s - 11 = 0, -v - 3 = s - 4*s. What is the units digit of v?
3
Let r = -150 + 259. Suppose -r = -5*s - 3*h, -h - 22 = -s - 5. What is the units digit of s?
0
Let i(x) = x**2 - 4*x + 2. Let b be i(4). Let t be 0/(b*(-2 - -3)). Suppose 3*p + t*p - 81 = 0. What is the tens digit of p?
2
Let d(p) be the third derivative of -p**6/120 + 2*p**5/15 - p**4/6 - p**3 - 11*p**2. What is the tens digit of d(6)?
4
Suppose 80 = -3*o + 2480. Suppose -2*q - 3*q = -o. What is the hundreds digit of q?
1
Suppose 3*c = 239 + 97. Suppose 0 = -4*x + c + 232. What is the tens digit of x?
8
Let r(s) = s**3 - 20*s**2 + 40*s - 9. Let j = 79 + -61. What is the units digit of r(j)?
3
Let x(h) = -h**3 - 9*h**2 - 13. Let z be x(-9). Let c be (-5 + 4)/(1/z). Suppose 3*j + c = -4*l + 6*l, 0 = 5*l - 5*j - 30. What is the units digit of l?
5
Suppose 26976 = 42*y - 10*y. What is the hundreds digit of y?
8
Suppose -3913 = -6*a - 505. What is the units digit of a?
8
Suppose 0 = 5*p - 4 - 6. Suppose -w = 4*d + p*w - 68, -2*d - 2*w + 32 = 0. What is the units digit of d?
0
Suppose 0 = -2*y - 5*h - 17, 5*y + 0*h + 4*h = 0. What is the units digit of (y*1)/(116/87)?
3
Let f = -9 - -17. Let a be 4/(((-4)/f)/(-1)). What is the units digit of (-9)/(-3) + a/2?
7
Suppose -n = n + d - 503, -2*n - 3*d = -497. Suppose -q - 3*q - j = -n, 5*j = 5. What is the units digit of q?
3
Suppose 5*j - 420 = j - c, 3*j - c = 308. Let r = j + -63. What is the tens digit of r?
4
Suppose -5*w = g + 34, -g + 30 = -4*w + g. Let i be 2*(w + -2 + 2). Let l = i - -25. What is the units digit of l?
1
Suppose 0 = 3*a - 49 - 17. Let w = a - -33. What is the tens digit of w?
5
Let y = -32 + 34. Suppose -1162 = -4*r + 2*x, -y*r - 5*x + 829 = 266. What is the tens digit of r?
8
Let l = -9 + 14. Let u = 5 - l. Suppose u = -4*a + 99 - 11. What is the tens digit of a?
2
Suppose 2*q - 888 = -2*q. Suppose 3*u - 4*s = 246, u + 2*u - q = -4*s. Suppose 5*b - 5 = 5, 5*b = -4*k + u. What is the tens digit of k?
1
Let z(n) = 2*n**3 + 62*n**2 - 45*n - 8. What is the units digit of z(-31)?
7
Let r be 106 - (2 + 2/(-1)). Suppose 0 = -572*o + 576*o - 8. Suppose 5*d - o*d + 5*p = 62, -4*d + 5*p = -r. What is the tens digit of d?
2
Let b = 9 + 1. What is the tens digit of b/(-6) - 412/(-6)?
6
Let x be (-2)/1 - 490/(-5). Let v(a) = a**3 - 3*a**2 + 2*a - 4. Let o be v(3). Suppose 2*r - x = -o*r. What is the units digit of r?
4
Suppose -5*y = -8 - 2. Suppose -2432 = -10*v + y*v. What is the tens digit of v?
0
Suppose 3*h + 583 = 4*q - 2438, 1533 = 2*q + 3*h. What is the hundreds digit of q?
7
Let l(r) = -r**2 + 14*r - 6. Suppose 5*y = -s - 12, -2*s - y = 3*s - 36. What is the tens digit of l(s)?
4
Let b be -8 + 1 - (0 + -3). What is the tens digit of 152 - (1 - (-3 - b))?
5
Suppose -11 = -4*b + 1. Suppose 77 = b*d - 10. What is the tens digit of d?
2
Let j(g) be the first derivative of -g**3/3 + 4*g**2 + 2*g - 3. Let x be j(7). Let b = -5 + x. What is the units digit of b?
4
Suppose 27 - 3 = u - 2*n, -u + 9 = -5*n. Suppose 136 = -2*f + 6*f - o, -f = -4*o - u. What is the units digit of f?
4
Suppose 52 = 2*z + 12. Suppose 3*c - 574 = -a, 3*c - 2*a = 3*a + 550. Suppose -4*u = z, -i - u + c = 2*i. What is the tens digit of i?
6
What is the units digit of 53*(8 + (-6 - -12))?
2
Suppose 27*r = 28*r + 2. What is the units digit of r + (-130)/((-4)/4)?
8
What is the hundreds digit of (2003 - 32) + (-1)/1?
9
Suppose -5*g - 13 = 2. Let q = g + 5. Suppose -q*o - 285 = -7*o. What is the units digit of o?
7
Let q(b) = -b**2 - 10*b - 12. Let h be q(-8). Suppose -h*i + 19 = -13. Let x = i - -1. What is the units digit of x?
9
Let s(w) be the first derivative of w**4/4 + 2*w**3 - w**2/2 - w + 16. What is the units digit of s(-5)?
9
Let z(u) = u**3 + 4*u**2 + 3*u + 4. Let r be z(-3). Suppose -b = 5*a + 12, 0*a - 3*a + 3 = r*b. What is the units digit of 23/(b - 1 - 1)?
3
Let r = 13 - 13. Let p = 2 + r. What is the tens digit of (-214)/(-10) + p/(-5)?
2
Let x be 184/32 - (-1)/4. Let y be ((-3)/x)/((-2)/4). Let d(a) = 16*a - 1. What is the units digit of d(y)?
5
Let w(c) = c**3 + 3*c**2 + c - 2. Let u be w(-2). Suppose 136 = 3*g - u*g - 5*n, -5 = n. Let i = -23 + g. What is the units digit of i?
4
Let l be 6/2 - (-8 + 8). Suppose l*d + 3 = 0, -4 - 1 = -3*n + 5*d. Suppose 2*w + w = -4*p + 40, 5*w + 20 = n. What is the units digit of p?
3
Let b(x) = 12*x**2 + 24*x - 137. What is the thousands digit of b(10)?
1
What is the hundreds digit of 4/(-10*(-14)/20965)?
5
Suppose -21 - 6 = 3*j. Let g = 14 + j. Suppose -4 = -g*v + 116. What is the units digit of v?
4
Suppose 7434 = 22*o - 4*o. What is the units digit of o?
3
Suppose 15*h = 4017 + 11703. What is the tens digit of h?
4
Suppose b + b - x - 48 = 0, -5*b = 5*x - 150. Suppose 5*j - 2*u = -4*u + 24, -3*u + b = 5*j. Suppose 0*g - j*g = -56. What is the tens digit of g?
1
Suppose -z - 5 = -b, 2*b = -4*z + 3*z + 7. Suppose -4*f = b*l + l - 1278, 2*l - f - 506 = 0. What is the hundreds digit of l?
2
Let q be 1 - (0 + (-2 - -1)). Suppose 3*f + 1 = q*p - 0, -9 = 2*f - 3*p. What is the units digit of f?
3
Let o(n) = 2*n**2 + n - 1. Suppose -4*x + 12 = p, -p + 0*p + 5*x - 15 = 0. Let q be -3*(p - -3)/(-9). What is the units digit of o(q)?
2
Suppose -v = -4*f + 12 - 54, f + 3 = 0. Suppose -v = -x + 6*x. What is the units digit of (-69)/x*(-6)/(-3)?
3
Let l = 874 - 622. What is the tens digit of l?
5
Suppose 3 + 5 = 2*u. What is the tens digit of (-57)/(u + 55/(-10))?
3
Let h(t) be the third derivative of t**4/24 - 3*t**3/2 + 2*t**2. Let l be h(9). Suppose 5*z - 2*w = l, -5*z + 15 = -2*w + 3*w. What is the units digit of z?
2
Let g = -39 - -49. Suppose 430 = -g*t + 15*t. What is the tens digit of t?
8
Suppose 0 = 123*r - 117*r - 15624. What is the units digit of r?
4
Let r(q) = 32*q + 3. Let z be r(5). Let l be (-20 + 15)/(-2 - -1). What is the units digit of 9/(-15) + z/l?
2
Suppose 9*r - 11*r + 198 = 0. Let z be (4/6)/(22/r). Suppose -5*t - z*d + d = -131, 0 = 4*t + 3*d - 102. What is the units digit of t?
7
Let l = 8 + -16. Let n(u) be the third derivative o